{"id":759,"date":"2020-03-26T13:10:01","date_gmt":"2020-03-26T13:10:01","guid":{"rendered":"https:\/\/controlagro.com\/descargas\/?page_id=759"},"modified":"2021-12-28T12:41:35","modified_gmt":"2021-12-28T12:41:35","slug":"descargas-controlagro","status":"publish","type":"page","link":"https:\/\/controlagro.com\/descargas\/descargas-controlagro\/","title":{"rendered":"Descargas ControlAgro"},"content":{"rendered":"<h2>Descargas ControlAgro<\/h2>\n<h2>Manuales\u200b<\/h2>\n<ul>\n<li><a href=\"http:\/\/siid.com.ar\/recursos\/descargas\/CAS_1000.pdf\" target=\"_blank\" rel=\"noopener noreferrer\">CAS-1000<\/a><\/li>\n<li><a href=\"http:\/\/siid.com.ar\/recursos\/descargas\/CAS_2500.pdf\" target=\"_blank\" rel=\"noopener noreferrer\">CAS-2500<\/a><\/li>\n<li><a href=\"http:\/\/siid.com.ar\/recursos\/descargas\/CAS_4500.pdf\" target=\"_blank\" rel=\"noopener noreferrer\">CAS-4500<\/a><\/li>\n<li><a href=\"http:\/\/siid.com.ar\/recursos\/descargas\/Configuracion_CAS_5100.pptx\" target=\"_blank\" rel=\"noopener noreferrer\">CAS-5100<\/a><\/li>\n<li><a href=\"http:\/\/siid.com.ar\/recursos\/descargas\/CATALOGO_CONTROLAGRO_06_2017.pdf\" target=\"_blank\" rel=\"noopener noreferrer\">Cat\u00e1logo repuestos ControlAgro 06-2017<\/a><\/li>\n<li><a href=\"http:\/\/siid.com.ar\/recursos\/descargas\/EMBRAGUE_AIR_DRILL.pdf\" target=\"_blank\" rel=\"noopener noreferrer\">Embrague air drill<\/a><\/li>\n<li><a href=\"http:\/\/siid.com.ar\/recursos\/descargas\/GUIA_BT_200_CORTE_SECCION-LINEO.pdf\" target=\"_blank\" rel=\"noopener noreferrer\">Gu\u00eda corte secci\u00f3n-l\u00edneo BT-1200<\/a><\/li>\n<li><a href=\"http:\/\/siid.com.ar\/recursos\/descargas\/GUIA_PANTALLAS_CAS-2700_V2.0.pdf\" target=\"_blank\" rel=\"noopener noreferrer\">Gu\u00eda Pantallas CAS-2700 V2.0<\/a><\/li>\n<li><a href=\"http:\/\/siid.com.ar\/recursos\/descargas\/GUIA_RAPIDA%20_TC-1200_Nov.2017.pdf\" target=\"_blank\" rel=\"noopener noreferrer\">Gu\u00eda piloto TC-1200<\/a><\/li>\n<li><a href=\"http:\/\/siid.com.ar\/recursos\/descargas\/GUIA_RAPIDA5100T.pdf\" target=\"_blank\" rel=\"noopener noreferrer\">GUIA RAPIDA CAS 5100T<\/a><\/li>\n<li><a href=\"http:\/\/siid.com.ar\/recursos\/descargas\/Manual_CAS_1500.pdf\" target=\"_blank\" rel=\"noopener noreferrer\">MANUAL CAS-1500 V117<\/a><\/li>\n<li><a href=\"http:\/\/siid.com.ar\/recursos\/descargas\/MANUAL_CAS_1500_V2.0.pdf\" target=\"_blank\" rel=\"noopener noreferrer\">MANUAL CAS-1500 V2.0<\/a><\/li>\n<li><a href=\"http:\/\/siid.com.ar\/recursos\/descargas\/Manual_CAS_2700.pdf\" target=\"_blank\" rel=\"noopener noreferrer\">MANUAL CAS-2700 V117<\/a><\/li>\n<li><a href=\"http:\/\/siid.com.ar\/recursos\/descargas\/MANUAL_CAS%202700_V2.0.pdf\" target=\"_blank\" rel=\"noopener noreferrer\">MANUAL CAS-2700 V2.0<\/a><\/li>\n<li><a href=\"http:\/\/siid.com.ar\/recursos\/descargas\/MANUAL_DEL_INSTALADOR_CAS_5100.zip\" target=\"_blank\" rel=\"noopener noreferrer\">Manual CAS-5100<\/a><\/li>\n<li><a href=\"http:\/\/siid.com.ar\/recursos\/descargas\/Manual_de_uso_MHS.pdf\" target=\"_blank\" rel=\"noopener noreferrer\">Manual uso MHS<\/a><\/li>\n<li><a href=\"https:\/\/siid.com.ar\/recursos\/descargas\/calculo_factores_2017.xls\" target=\"_blank\" rel=\"noopener noreferrer\">PLANILLA CALCULO CAJA VARIABLE<\/a><\/li>\n<\/ul>\n<h2>Software liberado<\/h2>\n<ul>\n<li><a style=\"background-color: #ffffff;\" href=\"https:\/\/siid.com.ar\/recursos\/descargas\/setup_1.2.34.rar\">Setup MHS V1.2.34<\/a><\/li>\n<\/ul>\n<h2>Folletos<\/h2>\n<ul>\n<li><a href=\"https:\/\/controlagro.com\/descargas\/wp-content\/uploads\/2021\/12\/Catalogo-ControlAgro-Paraguay.pdf\">Catalogo ControlAgro 2022<\/a><\/li>\n<\/ul>\n<h2>Circulares t\u00e9cnicas<\/h2>\n<ul>\n<li><a href=\"http:\/\/siid.com.ar\/recursos\/descargas\/Chequeo_CAS-4500.docx\" target=\"_blank\" rel=\"noopener noreferrer\">Chequeo CAS-4500<\/a><\/li>\n<li><a href=\"http:\/\/siid.com.ar\/recursos\/descargas\/Chequeo_CAS-4500_con_variable.docx\" target=\"_blank\" rel=\"noopener noreferrer\">Chequeo CAS-4500 Con Variable<\/a><\/li>\n<li><a href=\"http:\/\/siid.com.ar\/recursos\/descargas\/Chequeo_CAS-4500_sin_variable.docx\" target=\"_blank\" rel=\"noopener noreferrer\">Chequeo CAS-4500 Sin Variable<\/a><\/li>\n<li><a href=\"http:\/\/siid.com.ar\/recursos\/descargas\/CT_ControlAgroN100.pdf\" target=\"_blank\" rel=\"noopener noreferrer\">Circular T<\/a><a href=\"http:\/\/siid.com.ar\/recursos\/descargas\/CT_ControlAgroN105.pdf\" target=\"_blank\" rel=\"noopener noreferrer\">\u00e9<\/a><a href=\"http:\/\/siid.com.ar\/recursos\/descargas\/CT_ControlAgroN100.pdf\" target=\"_blank\" rel=\"noopener noreferrer\">cnica ControlAgro N 100<\/a><\/li>\n<li><a href=\"http:\/\/siid.com.ar\/recursos\/descargas\/CT_ControlAgroN101.pdf\" target=\"_blank\" rel=\"noopener noreferrer\">Circular T<\/a><a href=\"http:\/\/siid.com.ar\/recursos\/descargas\/CT_ControlAgroN105.pdf\" target=\"_blank\" rel=\"noopener noreferrer\">\u00e9<\/a><a href=\"http:\/\/siid.com.ar\/recursos\/descargas\/CT_ControlAgroN101.pdf\" target=\"_blank\" rel=\"noopener noreferrer\">cnica ControlAgro N 101<\/a><\/li>\n<li><a href=\"http:\/\/siid.com.ar\/recursos\/descargas\/CT_ControlAgroN102.pdf\" target=\"_blank\" rel=\"noopener noreferrer\">Circular T<\/a><a href=\"http:\/\/siid.com.ar\/recursos\/descargas\/CT_ControlAgroN105.pdf\" target=\"_blank\" rel=\"noopener noreferrer\">\u00e9<\/a><a href=\"http:\/\/siid.com.ar\/recursos\/descargas\/CT_ControlAgroN102.pdf\" target=\"_blank\" rel=\"noopener noreferrer\">cnica ControlAgro N 102<\/a><\/li>\n<li><a href=\"http:\/\/siid.com.ar\/recursos\/descargas\/CT_ControlAgroN103.pdf\" target=\"_blank\" rel=\"noopener noreferrer\">Circular T<\/a><a href=\"http:\/\/siid.com.ar\/recursos\/descargas\/CT_ControlAgroN105.pdf\" target=\"_blank\" rel=\"noopener noreferrer\">\u00e9<\/a><a href=\"http:\/\/siid.com.ar\/recursos\/descargas\/CT_ControlAgroN103.pdf\" target=\"_blank\" rel=\"noopener noreferrer\">cnica ControlAgro N 103<\/a><\/li>\n<li><a href=\"http:\/\/siid.com.ar\/recursos\/descargas\/CT_ControlAgroN104.pdf\" target=\"_blank\" rel=\"noopener noreferrer\">Circular T<\/a><a href=\"http:\/\/siid.com.ar\/recursos\/descargas\/CT_ControlAgroN105.pdf\" target=\"_blank\" rel=\"noopener noreferrer\">\u00e9<\/a><a href=\"http:\/\/siid.com.ar\/recursos\/descargas\/CT_ControlAgroN104.pdf\" target=\"_blank\" rel=\"noopener noreferrer\">cnica ControlAgro N 104<\/a><\/li>\n<li><a href=\"http:\/\/siid.com.ar\/recursos\/descargas\/CT_ControlAgroN105.pdf\" target=\"_blank\" rel=\"noopener noreferrer\">Circular T\u00e9cnica ControlAgro N 105<\/a><\/li>\n<li><a href=\"http:\/\/siid.com.ar\/recursos\/descargas\/CT_CONTROLAGRO_106.pdf\" target=\"_blank\" rel=\"noopener noreferrer\">Circular T<\/a><a href=\"http:\/\/siid.com.ar\/recursos\/descargas\/CT_ControlAgroN105.pdf\" target=\"_blank\" rel=\"noopener noreferrer\">\u00e9<\/a><a href=\"http:\/\/siid.com.ar\/recursos\/descargas\/CT_CONTROLAGRO_106.pdf\" target=\"_blank\" rel=\"noopener noreferrer\">cnica ControlAgro N 106<\/a><\/li>\n<li><a href=\"http:\/\/siid.com.ar\/recursos\/descargas\/CT_CONTROLAGRO_107.pdf\" target=\"_blank\" rel=\"noopener noreferrer\">Circular T<\/a><a href=\"http:\/\/siid.com.ar\/recursos\/descargas\/CT_ControlAgroN105.pdf\" target=\"_blank\" rel=\"noopener noreferrer\">\u00e9<\/a><a href=\"http:\/\/siid.com.ar\/recursos\/descargas\/CT_CONTROLAGRO_107.pdf\" target=\"_blank\" rel=\"noopener noreferrer\">cnica ControlAgro N 107<\/a><\/li>\n<li><a href=\"http:\/\/siid.com.ar\/recursos\/descargas\/CT_CONTROLAGRO_108.pdf\" target=\"_blank\" rel=\"noopener noreferrer\">Circular T<\/a><a href=\"http:\/\/siid.com.ar\/recursos\/descargas\/CT_ControlAgroN105.pdf\" target=\"_blank\" rel=\"noopener noreferrer\">\u00e9<\/a><a href=\"http:\/\/siid.com.ar\/recursos\/descargas\/CT_CONTROLAGRO_108.pdf\" target=\"_blank\" rel=\"noopener noreferrer\">cnica ControlAgro N 108<\/a><\/li>\n<li><a href=\"http:\/\/siid.com.ar\/recursos\/descargas\/INSTR_INS_EQ_CAS_SEMBRADORA_AIR_DRILL.pdf\" target=\"_blank\" rel=\"noopener noreferrer\">Instrucciones CAS en Air Drill<\/a><\/li>\n<\/ul>\n<h2>Varios<\/h2>\n<ul>\n<li><a href=\"http:\/\/siid.com.ar\/recursos\/descargas\/calculo_factores_2017.xls\" target=\"_blank\" rel=\"noopener noreferrer\">Planilla calculo caja variable<\/a><\/li>\n<li><a href=\"https:\/\/siid.com.ar\/recursos\/descargas\/factor_de_correcci_n_dist_de_siembra.xls\" target=\"_blank\" rel=\"noopener noreferrer\">Planilla de correcci\u00f3n alta densidad<\/a><\/li>\n<\/ul>\n","protected":false},"excerpt":{"rendered":"<p>Descargas ControlAgro Manuales\u200b CAS-1000 CAS-2500 CAS-4500 CAS-5100 Cat\u00e1logo repuestos ControlAgro 06-2017 Embrague air drill Gu\u00eda corte secci\u00f3n-l\u00edneo BT-1200 Gu\u00eda Pantallas CAS-2700 V2.0 Gu\u00eda piloto TC-1200&hellip;<\/p>\n","protected":false},"author":1,"featured_media":0,"parent":0,"menu_order":0,"comment_status":"closed","ping_status":"closed","template":"","meta":{"_monsterinsights_skip_tracking":false,"_monsterinsights_sitenote_active":false,"_monsterinsights_sitenote_note":"","_monsterinsights_sitenote_category":0},"_links":{"self":[{"href":"https:\/\/controlagro.com\/descargas\/wp-json\/wp\/v2\/pages\/759"}],"collection":[{"href":"https:\/\/controlagro.com\/descargas\/wp-json\/wp\/v2\/pages"}],"about":[{"href":"https:\/\/controlagro.com\/descargas\/wp-json\/wp\/v2\/types\/page"}],"author":[{"embeddable":true,"href":"https:\/\/controlagro.com\/descargas\/wp-json\/wp\/v2\/users\/1"}],"replies":[{"embeddable":true,"href":"https:\/\/controlagro.com\/descargas\/wp-json\/wp\/v2\/comments?post=759"}],"version-history":[{"count":31,"href":"https:\/\/controlagro.com\/descargas\/wp-json\/wp\/v2\/pages\/759\/revisions"}],"predecessor-version":[{"id":1076,"href":"https:\/\/controlagro.com\/descargas\/wp-json\/wp\/v2\/pages\/759\/revisions\/1076"}],"wp:attachment":[{"href":"https:\/\/controlagro.com\/descargas\/wp-json\/wp\/v2\/media?parent=759"}],"curies":[{"name":"wp","href":"https:\/\/api.w.org\/{rel}","templated":true}]}}